{"version":"1.0","provider_name":"Gerincm\u0171v\u00e9sz","provider_url":"https:\/\/gerincmuvesz.cafeblog.hu","author_name":"SpineLine - gerincvonal","author_url":"https:\/\/gerincmuvesz.cafeblog.hu\/author\/spineline_-_gerincvonal\/","title":"K\u00f6p\u00f6ly\u00f6z\u00e9s","html":"<p>Azt hinn\u00e9k, hogy ez egy \u00faj m\u00f3dszer, azonban ezt m\u00e1r a k\u00ednai gy\u00f3gy\u00e1szatban nagyon r\u00e9g\u00f3ta alkalmazz\u00e1k, csak a technika v\u00e1ltozott meg. R\u00e9gen csak \u00fcveg k\u00f6p\u00f6ly volt kaphat\u00f3, ez egy harang alak\u00fa \u00fcvegb\u0151l k\u00e9sz\u00fclt eszk\u00f6z, melyet a f\u00e1jdalmas ter\u00fcletekre felt\u00e9ve a kering\u00e9st tudja fokozni.<\/p>\r\n<p>Ma m\u00e1r gy\u00e1rtanak m\u0171anyagb\u00f3l, szilikonb\u00f3l, \u00e9s gumib\u00f3l k\u00e9sz\u00fclt k\u00f6p\u00f6ly\u00f6ket is. A k\u00fcl\u00f6nbs\u00e9g a r\u00e9gi \u00e9s az \u00faj m\u00f3dszer k\u00f6z\u00f6tt az, hogy r\u00e9gen a fizika t\u00f6rv\u00e9nyeit kihaszn\u00e1lva v\u00e9gezt\u00e9k a k\u00f6p\u00f6ly\u00f6z\u00e9st. L\u00e1nggal felmeleg\u00edtett\u00e9k az \u00fcveget, \u00e9s ezt k\u00f6vet\u0151en tett\u00e9k a f\u00e1jdalmas ter\u00fcletre, ahogy a k\u00f6p\u00f6lynek cs\u00f6kkent a h\u0151tartalma, az egy v\u00e1kuumot k\u00e9pezve kiemelte a b\u0151rt, \u00e9s az alatta l\u00e9v\u0151 k\u00f6t\u0151sz\u00f6vetet is.<\/p>\r\n<p>Manaps\u00e1g a t\u0171z helyett egy k\u00e9zi pump\u00e1t haszn\u00e1lnak, hiszen ezzel sokkal er\u0151sebb v\u00e1kuumot tudunk k\u00e9pezni, mint r\u00e9gen a t\u0171zzel, \u00edgy a p\u00e1ciens t\u0171r\u0151k\u00e9pess\u00e9g\u00e9t\u0151l, \u00e9s az izomzat, k\u00f6t\u0151sz\u00f6vet \u00e1llapot\u00e1t\u00f3l f\u00fcgg\u0151en tudjuk haszn\u00e1lni az eszk\u00f6zt.<\/p>\r\n<p><img class=\"alignright size-medium wp-image-203\" src=\"https:\/\/gerincmuvesz.cafeblog.hu\/files\/2019\/07\/k\u00f6p\u00f6ly\u00f6z\u00e9s1-300x225.jpg\" alt=\"\" width=\"300\" height=\"225\" \/><\/p>\r\n<p>A k\u00f6p\u00f6ly\u00f6z\u00e9snek kiemelt szerepe van m\u0171t\u00e9tek ut\u00e1n, amikor az izomzatot, \u00e9s k\u00f6t\u0151sz\u00f6vetet mobiliz\u00e1lni kell. Kop\u00e1sos eredet\u0171 megbeteged\u00e9sekn\u00e9l, ahol a f\u00e1jdalom miatt bizonyos izmok zsugorodnak, seg\u00edt vissza\u00e1ll\u00edtani az izomegyens\u00falyt. Traum\u00e1s s\u00e9r\u00fcl\u00e9sek k\u00f6vetkezt\u00e9ben a gipszben, vagy k\u00f6t\u00e9sben r\u00f6gz\u00edtett testr\u00e9szen az izmok szint\u00e9n merevv\u00e9, \u00e9s rugalmatlann\u00e1 v\u00e1lnak, ilyen esetben is nagy seg\u00edts\u00e9g a k\u00f6p\u00f6ly a mobiliz\u00e1l\u00e1sban.<\/p>\r\n<p>A k\u00f6p\u00f6ly alkalmazhat\u00f3 szinte minden mozg\u00e1sszervi megbeteged\u00e9sn\u00e9l, ami nem j\u00e1r akut gyullad\u00e1ssal, l\u00e1zzal, daganatos elt\u00e9r\u00e9sekn\u00e9l sajnos nem alkalmazhat\u00f3. Nagyon nagy seg\u00edts\u00e9get ad tov\u00e1bb\u00e1 a m\u0171t\u00e9ti hegek kezel\u00e9s\u00e9ben, amikor m\u00e1r term\u00e9szetesen nem friss a seb, hanem kb 10 h\u00e9ttel a m\u0171t\u00e9t ut\u00e1n.<\/p>\r\n<p>\u00c9n rendszeresen alkalmazom a csal\u00e1dtagokon, bar\u00e1tokon, \u00e9s a p\u00e1ciensekn\u00e9l is egyar\u00e1nt. A kezel\u00e9s f\u00e1jdalmas, hiszen egy letapadt k\u00f6t\u0151sz\u00f6vetet mobiliz\u00e1lni nem k\u00f6nny\u0171, de sokkal nagyobb ut\u00e1na az adott \u00edz\u00fclet mozg\u00e1startom\u00e1nya, \u00e9s a f\u00e1jdalom is cs\u00f6kken a kezel\u00e9sek ut\u00e1n.<\/p>","type":"rich"}

Gerincművész

Köpölyözés

<p>Azt hinnék, hogy ez egy új módszer, azonban ezt már a kínai gyógyászatban nagyon régóta alkalmazzák, csak a technika változott meg. Régen csak üveg köpöly volt kapható, ez egy harang alakú üvegből készült eszköz, melyet a fájdalmas területekre feltéve a keringést tudja fokozni.</p>
<p>Ma már gyártanak műanyagból, szilikonból, és gumiból készült köpölyöket is. A különbség a régi és az új módszer között az, hogy régen a fizika törvényeit kihasználva végezték a köpölyözést. Lánggal felmelegítették az üveget, és ezt követően tették a fájdalmas területre, ahogy a köpölynek csökkent a hőtartalma, az egy vákuumot képezve kiemelte a bőrt, és az alatta lévő kötőszövetet is.</p>
<p>Manapság a tűz helyett egy kézi pumpát használnak, hiszen ezzel sokkal erősebb vákuumot tudunk képezni, mint régen a tűzzel, így a páciens tűrőképességétől, és az izomzat, kötőszövet állapotától függően tudjuk használni az eszközt.</p>
<p><img class="alignright size-medium wp-image-203" src="https://gerincmuvesz.cafeblog.hu/files/2019/07/köpölyözés1-300x225.jpg" alt="" width="300" height="225" /></p>
<p>A köpölyözésnek kiemelt szerepe van műtétek után, amikor az izomzatot, és kötőszövetet mobilizálni kell. Kopásos eredetű megbetegedéseknél, ahol a fájdalom miatt bizonyos izmok zsugorodnak, segít visszaállítani az izomegyensúlyt. Traumás sérülések következtében a gipszben, vagy kötésben rögzített testrészen az izmok szintén merevvé, és rugalmatlanná válnak, ilyen esetben is nagy segítség a köpöly a mobilizálásban.</p>
<p>A köpöly alkalmazható szinte minden mozgásszervi megbetegedésnél, ami nem jár akut gyulladással, lázzal, daganatos eltéréseknél sajnos nem alkalmazható. Nagyon nagy segítséget ad továbbá a műtéti hegek kezelésében, amikor már természetesen nem friss a seb, hanem kb 10 héttel a műtét után.</p>
<p>Én rendszeresen alkalmazom a családtagokon, barátokon, és a pácienseknél is egyaránt. A kezelés fájdalmas, hiszen egy letapadt kötőszövetet mobilizálni nem könnyű, de sokkal nagyobb utána az adott ízület mozgástartománya, és a fájdalom is csökken a kezelések után.</p>
